{"id":962,"date":"2022-07-21T10:42:50","date_gmt":"2022-07-21T10:42:50","guid":{"rendered":"https:\/\/d66.nl\/gorinchem\/?page_id=962"},"modified":"2026-03-08T23:58:24","modified_gmt":"2026-03-08T23:58:24","slug":"fractie","status":"publish","type":"page","link":"https:\/\/d66.nl\/gorinchem\/fractie\/","title":{"rendered":"Fractie D66 Gorinchem"},"content":{"rendered":"<div\n  id=\"\"\n  class=\"wrapper  wrapper__spacing-bottom-large--50 wrapper__spacing-bottom-desktop--66 wrapper__spacing-bottom-mobile--76  wrapper__gutter--none\"\n  >\n  \t<div class=\"wrapper__container wrapper__container-width-large--default\">\n\t  <div class=\"wrapper__inner wrapper__width-desktop--20 wrapper__width-mobile--24 wrapper__offset-desktop--4 wrapper__offset-mobile--0\">\n\t\t<h1 class=\"heading   heading__size--giant heading__font--serif heading__weight--regular  block-heading__heading\" id=\"nav-dit-is-onze-fractie4719\"  data-nav-heading-mobile=\"Dit is onze fractie\" >\n\tDit is onze fractie<\/h1>\t  <\/div>\n\t<\/div>\n  <\/div>\n\n\n<div\n  id=\"\"\n  class=\"wrapper  wrapper__spacing-bottom-large--50 wrapper__spacing-bottom-mobile--40  wrapper__gutter--none\"\n  >\n  \t<div class=\"wrapper__container wrapper__container-width-large--default\">\n\t  <div class=\"wrapper__inner wrapper__width-large--22 wrapper__width-desktop--22 wrapper__width-mobile--24 wrapper__offset-desktop--2 wrapper__offset-mobile--0\">\n\t\t<p\n\t\tclass=\"paragraph   paragraph__size--big   block-paragraph__paragraph\"\n\t\t\t>\n\t\tDe D66-fractie in Gorinchem bestaat uit twee raadsleden en twee fractie-assistenten. Samen vertegenwoordigen zij D66 in de gemeenteraad. De fractie wordt ondersteund door een fractiesecretaris. \t<\/p>\t  <\/div>\n\t<\/div>\n  <\/div>\n\n\n<div\n  id=\"\"\n  class=\"wrapper  wrapper__spacing-bottom-large--20  wrapper__gutter--none\"\n  >\n  \t<div class=\"wrapper__container wrapper__container-width-large--default\">\n\t  <div class=\"wrapper__inner wrapper__width-large--24 wrapper__width-mobile--24\">\n\t\t<img loading=\"lazy\" decoding=\"async\" width=\"1024\" height=\"682\" src=\"https:\/\/d66.nl\/gorinchem\/wp-content\/uploads\/sites\/231\/2022\/11\/Fractie-2-1024x682.jpg\" class=\"image block-image__img\" alt=\"\" \/>\n\t\t\t<div class=\"image__caption-wrapper block-image__caption-wrapper\">\n\t\t\t<div class=\"image__caption block-image__caption\">\n\t\t\t\t<p class=\"paragraph paragraph__align--left paragraph__color--black paragraph__size--small paragraph__weight--medium\">\n\t\tBeeld: D66 Gorinchem\t<\/p>\t\t\t<\/div>\n\t\t<\/div>\t  <\/div>\n\t<\/div>\n  <\/div>\n\n\n<div\n  id=\"\"\n  class=\"wrapper  wrapper__spacing-bottom-large--100 wrapper__spacing-bottom-tablet--190 wrapper__spacing-bottom-mobile--140  wrapper__gutter--none\"\n  >\n  \t<div class=\"wrapper__container wrapper__container-width-large--default\">\n\t  <div class=\"wrapper__inner wrapper__width-large--24 wrapper__width-mobile--24\">\n\t\t\n<section class=\"block-people-grid js-block-people-grid\">\n\t<aside\n  class=\"inside-page-navigation js-inside-page-navigation block-people-grid__inside-page-navigation\"\n  data-nav-items-number=\"5\"\n>\n  <div class=\"inside-page-navigation__wrapper\">\n\t<ol class=\"inside-page-navigation__list js-navigation-list lists__lists lists__weight--medium lists__color--black lists__type--decimal-leading-zero\">\n\tDe navigatie wordt geladen&#8230;<\/ol>  <\/div>\n<\/aside>\t<div class=\"block-people-grid__grid\">\n\t\t\t\t\t\t\t\t<div class=\"block-people-grid__item\">\n\t\t\t\t<article class=\"people-card js-people-card\">\n\t<a class=\"people-card__link\" href=\"https:\/\/d66.nl\/gorinchem\/mensen\/ilhan-tekir\/\" style=\"--people-card-background-color: var(--global-colors-olive)\">\n\n\t\t<div class=\"people-card__featured-image-wrapper\" style=\"background-image: url('https:\/\/media.d66.nl\/uploads\/sites\/231\/2026\/02\/Ilhan-profiel-2-update-768x512.jpg')\">\n\t\t\t<div class=\"background-overlay\"><\/div>\n\t\t<\/div>\n\n\t\t<div class=\"people-card__content-wrapper\">\n\t\t\t\t\t\t\t<header class=\"people-card__header\">\n\t\t\t\t\t<h2 class=\"heading   heading__size--medium heading__font--sans heading__weight--bold\" id=\"nav-ilhan-tekir9747\">\n\tIlhan Tekir<\/h2>\t\t\t\t<\/header>\n\t\t\t\t\t\t\t\t\t\t<div class=\"people-card__description\">\n\t\t\t\t\t<p class=\"paragraph   paragraph__size--medium paragraph__weight--medium\">\n\t\tKandidaat-raadslid #6\t<\/p>\t\t\t\t<\/div>\n\t\t\t\n\t\t\t<button class=\"buttonV2 buttonV2__color--transparent buttonV2__size--default buttonV2__size-width--default   people-card__buttonV2\" id=\"\">\n\t<div class=\"buttonV2__top-wrapper buttonV2__arrow-align--right\">\n\t\t\t\t\t<span class=\"buttonV2__title\">\n\t\t\t\tLees verder\t\t\t<\/span>\n\t\t\n\t\t\t\t\t<div class=\"buttonV2__icon\">\n\t\t\t\t<svg xmlns='http:\/\/www.w3.org\/2000\/svg' viewBox='0 0 58.14 50.62'><path d='m32.82 50.62 25.32-25.31L32.82 0l-4.35 4.35 17.92 17.86H0v6.21h46.39L28.47 46.33l4.35 4.29z' fill='currentColor' \/><\/svg>\t\t\t<\/div>\n\t\t\t<\/div>\n\n\t<\/button>\t\t<\/div>\n\t<\/a>\n<\/article>\t\t\t<\/div>\n\t\t\t\t\t\t\t\t\t<div class=\"block-people-grid__item\">\n\t\t\t\t<article class=\"people-card js-people-card\">\n\t<a class=\"people-card__link\" href=\"https:\/\/d66.nl\/gorinchem\/mensen\/wendy-alba-heijdenrijk\/\" style=\"--people-card-background-color: var(--global-colors-yellow)\">\n\n\t\t<div class=\"people-card__featured-image-wrapper\" style=\"background-image: url('https:\/\/media.d66.nl\/uploads\/sites\/231\/2026\/02\/Wendy-profiel-2026-768x808.jpeg')\">\n\t\t\t<div class=\"background-overlay\"><\/div>\n\t\t<\/div>\n\n\t\t<div class=\"people-card__content-wrapper\">\n\t\t\t\t\t\t\t<header class=\"people-card__header\">\n\t\t\t\t\t<h2 class=\"heading   heading__size--medium heading__font--sans heading__weight--bold\" id=\"nav-wendy-alba-heijdenrijk3903\">\n\tWendy Alba-Heijdenrijk<\/h2>\t\t\t\t<\/header>\n\t\t\t\t\t\t\t\t\t\t<div class=\"people-card__description\">\n\t\t\t\t\t<p class=\"paragraph   paragraph__size--medium paragraph__weight--medium\">\n\t\tRaadslid\t<\/p>\t\t\t\t<\/div>\n\t\t\t\n\t\t\t<button class=\"buttonV2 buttonV2__color--transparent buttonV2__size--default buttonV2__size-width--default   people-card__buttonV2\" id=\"\">\n\t<div class=\"buttonV2__top-wrapper buttonV2__arrow-align--right\">\n\t\t\t\t\t<span class=\"buttonV2__title\">\n\t\t\t\tLees verder\t\t\t<\/span>\n\t\t\n\t\t\t\t\t<div class=\"buttonV2__icon\">\n\t\t\t\t<svg xmlns='http:\/\/www.w3.org\/2000\/svg' viewBox='0 0 58.14 50.62'><path d='m32.82 50.62 25.32-25.31L32.82 0l-4.35 4.35 17.92 17.86H0v6.21h46.39L28.47 46.33l4.35 4.29z' fill='currentColor' \/><\/svg>\t\t\t<\/div>\n\t\t\t<\/div>\n\n\t<\/button>\t\t<\/div>\n\t<\/a>\n<\/article>\t\t\t<\/div>\n\t\t\t\t\t\t\t\t\t<div class=\"block-people-grid__item\">\n\t\t\t\t<article class=\"people-card js-people-card\">\n\t<a class=\"people-card__link\" href=\"https:\/\/d66.nl\/gorinchem\/mensen\/tom\/\" style=\"--people-card-background-color: var(--global-colors-tomato)\">\n\n\t\t<div class=\"people-card__featured-image-wrapper\" style=\"background-image: url('https:\/\/media.d66.nl\/uploads\/sites\/231\/2026\/02\/Tom-2026-profiel-3-698b00bdba621-768x512.jpg')\">\n\t\t\t<div class=\"background-overlay\"><\/div>\n\t\t<\/div>\n\n\t\t<div class=\"people-card__content-wrapper\">\n\t\t\t\t\t\t\t<header class=\"people-card__header\">\n\t\t\t\t\t<h2 class=\"heading   heading__size--medium heading__font--sans heading__weight--bold\" id=\"nav-tom-van-der-meijden761\">\n\tTom van der Meijden<\/h2>\t\t\t\t<\/header>\n\t\t\t\t\t\t\t\t\t\t<div class=\"people-card__description\">\n\t\t\t\t\t<p class=\"paragraph   paragraph__size--medium paragraph__weight--medium\">\n\t\tLijsttrekker\t<\/p>\t\t\t\t<\/div>\n\t\t\t\n\t\t\t<button class=\"buttonV2 buttonV2__color--transparent buttonV2__size--default buttonV2__size-width--default   people-card__buttonV2\" id=\"\">\n\t<div class=\"buttonV2__top-wrapper buttonV2__arrow-align--right\">\n\t\t\t\t\t<span class=\"buttonV2__title\">\n\t\t\t\tLees verder\t\t\t<\/span>\n\t\t\n\t\t\t\t\t<div class=\"buttonV2__icon\">\n\t\t\t\t<svg xmlns='http:\/\/www.w3.org\/2000\/svg' viewBox='0 0 58.14 50.62'><path d='m32.82 50.62 25.32-25.31L32.82 0l-4.35 4.35 17.92 17.86H0v6.21h46.39L28.47 46.33l4.35 4.29z' fill='currentColor' \/><\/svg>\t\t\t<\/div>\n\t\t\t<\/div>\n\n\t<\/button>\t\t<\/div>\n\t<\/a>\n<\/article>\t\t\t<\/div>\n\t\t\t\t\t\t\t\t\t<div class=\"block-people-grid__item\">\n\t\t\t\t<article class=\"people-card js-people-card\">\n\t<a class=\"people-card__link\" href=\"https:\/\/d66.nl\/gorinchem\/mensen\/ruud-le-noble\/\" style=\"--people-card-background-color: var(--global-colors-romanSilver)\">\n\n\t\t<div class=\"people-card__featured-image-wrapper\" style=\"background-image: url('https:\/\/media.d66.nl\/uploads\/sites\/231\/2026\/02\/Ruud-2026-profiel-1-698b00b704e7a-768x512.jpg')\">\n\t\t\t<div class=\"background-overlay\"><\/div>\n\t\t<\/div>\n\n\t\t<div class=\"people-card__content-wrapper\">\n\t\t\t\t\t\t\t<header class=\"people-card__header\">\n\t\t\t\t\t<h2 class=\"heading   heading__size--medium heading__font--sans heading__weight--bold\" id=\"nav-ruud-le-noble8350\">\n\tRuud Le Noble<\/h2>\t\t\t\t<\/header>\n\t\t\t\t\t\t\t\t\t\t<div class=\"people-card__description\">\n\t\t\t\t\t<p class=\"paragraph   paragraph__size--medium paragraph__weight--medium\">\n\t\tKandidaat-raadslid #2\t<\/p>\t\t\t\t<\/div>\n\t\t\t\n\t\t\t<button class=\"buttonV2 buttonV2__color--transparent buttonV2__size--default buttonV2__size-width--default   people-card__buttonV2\" id=\"\">\n\t<div class=\"buttonV2__top-wrapper buttonV2__arrow-align--right\">\n\t\t\t\t\t<span class=\"buttonV2__title\">\n\t\t\t\tLees verder\t\t\t<\/span>\n\t\t\n\t\t\t\t\t<div class=\"buttonV2__icon\">\n\t\t\t\t<svg xmlns='http:\/\/www.w3.org\/2000\/svg' viewBox='0 0 58.14 50.62'><path d='m32.82 50.62 25.32-25.31L32.82 0l-4.35 4.35 17.92 17.86H0v6.21h46.39L28.47 46.33l4.35 4.29z' fill='currentColor' \/><\/svg>\t\t\t<\/div>\n\t\t\t<\/div>\n\n\t<\/button>\t\t<\/div>\n\t<\/a>\n<\/article>\t\t\t<\/div>\n\t\t\t\t\t\t\t\t\t<div class=\"block-people-grid__item\">\n\t\t\t\t<article class=\"people-card js-people-card\">\n\t<a class=\"people-card__link\" href=\"https:\/\/d66.nl\/gorinchem\/mensen\/desiree-van-baalen\/\" style=\"--people-card-background-color: var(--global-colors-olive)\">\n\n\t\t<div class=\"people-card__featured-image-wrapper\" style=\"background-image: url('https:\/\/media.d66.nl\/uploads\/sites\/231\/2026\/02\/MG_6769_260214_D66-afd_Gorinchem-768x512.jpg')\">\n\t\t\t<div class=\"background-overlay\"><\/div>\n\t\t<\/div>\n\n\t\t<div class=\"people-card__content-wrapper\">\n\t\t\t\t\t\t\t<header class=\"people-card__header\">\n\t\t\t\t\t<h2 class=\"heading   heading__size--medium heading__font--sans heading__weight--bold\" id=\"nav-desiree-van-baalen5730\">\n\tDesiree van Baalen<\/h2>\t\t\t\t<\/header>\n\t\t\t\t\t\t\t\t\t\t<div class=\"people-card__description\">\n\t\t\t\t\t<p class=\"paragraph   paragraph__size--medium paragraph__weight--medium\">\n\t\tKandidaat-raadslid #11\t<\/p>\t\t\t\t<\/div>\n\t\t\t\n\t\t\t<button class=\"buttonV2 buttonV2__color--transparent buttonV2__size--default buttonV2__size-width--default   people-card__buttonV2\" id=\"\">\n\t<div class=\"buttonV2__top-wrapper buttonV2__arrow-align--right\">\n\t\t\t\t\t<span class=\"buttonV2__title\">\n\t\t\t\tLees verder\t\t\t<\/span>\n\t\t\n\t\t\t\t\t<div class=\"buttonV2__icon\">\n\t\t\t\t<svg xmlns='http:\/\/www.w3.org\/2000\/svg' viewBox='0 0 58.14 50.62'><path d='m32.82 50.62 25.32-25.31L32.82 0l-4.35 4.35 17.92 17.86H0v6.21h46.39L28.47 46.33l4.35 4.29z' fill='currentColor' \/><\/svg>\t\t\t<\/div>\n\t\t\t<\/div>\n\n\t<\/button>\t\t<\/div>\n\t<\/a>\n<\/article>\t\t\t<\/div>\n\t\t\t\t<\/div>\n<\/section>\n\t  <\/div>\n\t<\/div>\n  <\/div>\n\n\n<div\n  id=\"\"\n  class=\"wrapper wrapper__spacing-top-large---10 wrapper__spacing-bottom-large--100 wrapper__spacing-bottom-desktop--60 wrapper__spacing-bottom-mobile--40  wrapper__gutter--none\"\n  >\n  \t<div class=\"wrapper__container wrapper__container-width-large--default\">\n\t  <div class=\"wrapper__inner wrapper__width-large--24 wrapper__width-mobile--24 wrapper__offset-large--0\">\n\t\t<div class=\"cta block-cta__cta\">\n  <div class=\"box box__style--full-width-on-mobile cta__box\" style=\"--box-bg-color: var(--global-colors-romanSilver);--box-text-color: var(--global-colors-white)\">\n\t<h2 class=\"heading heading__align--left heading__color--white heading__size--largest heading__font--sans heading__weight--semiBold  cta__heading\" id=\"nav-fractie-vergadering5965\" data-nav-heading-mobile=\"Fractie-vergadering\">\n\tFractie-vergadering<\/h2><div class=\"cta__image\">\n\n\t<img loading=\"lazy\" decoding=\"async\" width=\"1024\" height=\"1024\" src=\"https:\/\/d66.nl\/gorinchem\/wp-content\/uploads\/sites\/231\/2022\/09\/4a860903-2a12-4cec-88e9-16d2ff0f2fcb-1024x1024.jpg\" class=\"image cta__img\" alt=\"\" \/>\n\t<\/div><p class=\"paragraph paragraph__align--left paragraph__color--white paragraph__size--default paragraph__weight--medium  cta__paragraph\">\n\t\tWil jij een fractievergadering bijwonen? Dat kan! Wij vergaderen op maandagavonden in het stadhuis en ontvangen graag ge\u00efnteresseerde D66&#8217;ers \u00e9n Gorcumers met goede idee\u00ebn voor onze stad. \t<\/p><div class=\"cta__buttons-wrapper\"><a href=\"https:\/\/d66.nl\/gorinchem\/contact\/\" class=\"btn btn__color--white btn__size--default btn__size-width--default    cta__btn\" id=\"\" title=\"Afspraak maken\" data-last-site-id=\"1\">\n\t<div class=\"btn__top-wrapper\">\n\t\t\n\t\t<span class=\"btn__title\">\n\t\t\tAfspraak maken\t\t<\/span>\n\n\t\t\t<\/div>\n\n\t<span class=\"btn__description\">\n\t\t\t<\/span>\n\n\t<span class=\"btn__spinner btn__spinner--white btn__spinner--default\" aria-hidden=\"true\"><\/span>\n<\/a><\/div><\/div><\/div>\t  <\/div>\n\t<\/div>\n  <\/div>\n","protected":false},"excerpt":{"rendered":"","protected":false},"author":30,"featured_media":627,"parent":0,"menu_order":0,"comment_status":"closed","ping_status":"closed","template":"with-navigation.php","meta":{"_acf_changed":false,"footnotes":""},"themes-or-point-of-view":[],"labels":[],"search-tags":[],"class_list":["post-962","page","type-page","status-publish","has-post-thumbnail","hentry"],"acf":[],"yoast_head":"<!-- This site is optimized with the Yoast SEO plugin v27.3 - https:\/\/yoast.com\/product\/yoast-seo-wordpress\/ -->\n<title>D66 Gorinchem &#8212; Fractie D66 Gorinchem<\/title>\n<meta name=\"robots\" content=\"index, follow, max-snippet:-1, max-image-preview:large, max-video-preview:-1\" \/>\n<link rel=\"canonical\" href=\"https:\/\/d66.nl\/gorinchem\/fractie\/\" \/>\n<meta property=\"og:locale\" content=\"nl_NL\" \/>\n<meta property=\"og:type\" content=\"article\" \/>\n<meta property=\"og:title\" content=\"D66 Gorinchem &#8212; Fractie D66 Gorinchem\" \/>\n<meta property=\"og:url\" content=\"https:\/\/d66.nl\/gorinchem\/fractie\/\" \/>\n<meta property=\"og:site_name\" content=\"D66 Gorinchem\" \/>\n<meta property=\"article:modified_time\" content=\"2026-03-08T23:58:24+00:00\" \/>\n<meta property=\"og:image\" content=\"https:\/\/d66.nl\/gorinchem\/wp-content\/uploads\/sites\/231\/2022\/09\/4a860903-2a12-4cec-88e9-16d2ff0f2fcb.jpg\" \/>\n\t<meta property=\"og:image:width\" content=\"1127\" \/>\n\t<meta property=\"og:image:height\" content=\"1127\" \/>\n\t<meta property=\"og:image:type\" content=\"image\/jpeg\" \/>\n<meta name=\"twitter:card\" content=\"summary_large_image\" \/>\n<meta name=\"twitter:label1\" content=\"Geschatte leestijd\" \/>\n\t<meta name=\"twitter:data1\" content=\"1 minuut\" \/>\n<script type=\"application\/ld+json\" class=\"yoast-schema-graph\">{\"@context\":\"https:\\\/\\\/schema.org\",\"@graph\":[{\"@type\":\"WebPage\",\"@id\":\"https:\\\/\\\/d66.nl\\\/gorinchem\\\/fractie\\\/\",\"url\":\"https:\\\/\\\/d66.nl\\\/gorinchem\\\/fractie\\\/\",\"name\":\"D66 Gorinchem &#8212; Fractie D66 Gorinchem\",\"isPartOf\":{\"@id\":\"https:\\\/\\\/d66.nl\\\/gorinchem\\\/#website\"},\"primaryImageOfPage\":{\"@id\":\"https:\\\/\\\/d66.nl\\\/gorinchem\\\/fractie\\\/#primaryimage\"},\"image\":{\"@id\":\"https:\\\/\\\/d66.nl\\\/gorinchem\\\/fractie\\\/#primaryimage\"},\"thumbnailUrl\":\"https:\\\/\\\/d66.nl\\\/gorinchem\\\/wp-content\\\/uploads\\\/sites\\\/231\\\/2022\\\/01\\\/DSC00473-2-scaled.jpg\",\"datePublished\":\"2022-07-21T10:42:50+00:00\",\"dateModified\":\"2026-03-08T23:58:24+00:00\",\"breadcrumb\":{\"@id\":\"https:\\\/\\\/d66.nl\\\/gorinchem\\\/fractie\\\/#breadcrumb\"},\"inLanguage\":\"nl-NL\",\"potentialAction\":[{\"@type\":\"ReadAction\",\"target\":[\"https:\\\/\\\/d66.nl\\\/gorinchem\\\/fractie\\\/\"]}]},{\"@type\":\"ImageObject\",\"inLanguage\":\"nl-NL\",\"@id\":\"https:\\\/\\\/d66.nl\\\/gorinchem\\\/fractie\\\/#primaryimage\",\"url\":\"https:\\\/\\\/d66.nl\\\/gorinchem\\\/wp-content\\\/uploads\\\/sites\\\/231\\\/2022\\\/01\\\/DSC00473-2-scaled.jpg\",\"contentUrl\":\"https:\\\/\\\/d66.nl\\\/gorinchem\\\/wp-content\\\/uploads\\\/sites\\\/231\\\/2022\\\/01\\\/DSC00473-2-scaled.jpg\",\"width\":2560,\"height\":1701,\"caption\":\"SONY DSC\"},{\"@type\":\"BreadcrumbList\",\"@id\":\"https:\\\/\\\/d66.nl\\\/gorinchem\\\/fractie\\\/#breadcrumb\",\"itemListElement\":[{\"@type\":\"ListItem\",\"position\":1,\"name\":\"Home\",\"item\":\"https:\\\/\\\/d66.nl\\\/gorinchem\\\/\"},{\"@type\":\"ListItem\",\"position\":2,\"name\":\"Fractie D66 Gorinchem\"}]},{\"@type\":\"WebSite\",\"@id\":\"https:\\\/\\\/d66.nl\\\/gorinchem\\\/#website\",\"url\":\"https:\\\/\\\/d66.nl\\\/gorinchem\\\/\",\"name\":\"D66 Gorinchem\",\"description\":\"Just another D66 Sites site\",\"publisher\":{\"@id\":\"https:\\\/\\\/d66.nl\\\/gorinchem\\\/#organization\"},\"potentialAction\":[{\"@type\":\"SearchAction\",\"target\":{\"@type\":\"EntryPoint\",\"urlTemplate\":\"https:\\\/\\\/d66.nl\\\/gorinchem\\\/?s={search_term_string}\"},\"query-input\":{\"@type\":\"PropertyValueSpecification\",\"valueRequired\":true,\"valueName\":\"search_term_string\"}}],\"inLanguage\":\"nl-NL\"},{\"@type\":\"Organization\",\"@id\":\"https:\\\/\\\/d66.nl\\\/gorinchem\\\/#organization\",\"name\":\"D66\",\"url\":\"https:\\\/\\\/d66.nl\\\/gorinchem\\\/\",\"logo\":{\"@type\":\"ImageObject\",\"inLanguage\":\"nl-NL\",\"@id\":\"https:\\\/\\\/d66.nl\\\/gorinchem\\\/#\\\/schema\\\/logo\\\/image\\\/\",\"url\":\"https:\\\/\\\/d66.nl\\\/gorinchem\\\/wp-content\\\/uploads\\\/sites\\\/2\\\/2021\\\/10\\\/d66-themas-algemeen-og.png\",\"contentUrl\":\"https:\\\/\\\/d66.nl\\\/gorinchem\\\/wp-content\\\/uploads\\\/sites\\\/2\\\/2021\\\/10\\\/d66-themas-algemeen-og.png\",\"width\":1200,\"height\":628,\"caption\":\"D66\"},\"image\":{\"@id\":\"https:\\\/\\\/d66.nl\\\/gorinchem\\\/#\\\/schema\\\/logo\\\/image\\\/\"}}]}<\/script>\n<!-- \/ Yoast SEO plugin. -->","yoast_head_json":{"title":"D66 Gorinchem &#8212; Fractie D66 Gorinchem","robots":{"index":"index","follow":"follow","max-snippet":"max-snippet:-1","max-image-preview":"max-image-preview:large","max-video-preview":"max-video-preview:-1"},"canonical":"https:\/\/d66.nl\/gorinchem\/fractie\/","og_locale":"nl_NL","og_type":"article","og_title":"D66 Gorinchem &#8212; Fractie D66 Gorinchem","og_url":"https:\/\/d66.nl\/gorinchem\/fractie\/","og_site_name":"D66 Gorinchem","article_modified_time":"2026-03-08T23:58:24+00:00","og_image":[{"width":1127,"height":1127,"url":"https:\/\/d66.nl\/gorinchem\/wp-content\/uploads\/sites\/231\/2022\/09\/4a860903-2a12-4cec-88e9-16d2ff0f2fcb.jpg","type":"image\/jpeg"}],"twitter_card":"summary_large_image","twitter_misc":{"Geschatte leestijd":"1 minuut"},"schema":{"@context":"https:\/\/schema.org","@graph":[{"@type":"WebPage","@id":"https:\/\/d66.nl\/gorinchem\/fractie\/","url":"https:\/\/d66.nl\/gorinchem\/fractie\/","name":"D66 Gorinchem &#8212; Fractie D66 Gorinchem","isPartOf":{"@id":"https:\/\/d66.nl\/gorinchem\/#website"},"primaryImageOfPage":{"@id":"https:\/\/d66.nl\/gorinchem\/fractie\/#primaryimage"},"image":{"@id":"https:\/\/d66.nl\/gorinchem\/fractie\/#primaryimage"},"thumbnailUrl":"https:\/\/d66.nl\/gorinchem\/wp-content\/uploads\/sites\/231\/2022\/01\/DSC00473-2-scaled.jpg","datePublished":"2022-07-21T10:42:50+00:00","dateModified":"2026-03-08T23:58:24+00:00","breadcrumb":{"@id":"https:\/\/d66.nl\/gorinchem\/fractie\/#breadcrumb"},"inLanguage":"nl-NL","potentialAction":[{"@type":"ReadAction","target":["https:\/\/d66.nl\/gorinchem\/fractie\/"]}]},{"@type":"ImageObject","inLanguage":"nl-NL","@id":"https:\/\/d66.nl\/gorinchem\/fractie\/#primaryimage","url":"https:\/\/d66.nl\/gorinchem\/wp-content\/uploads\/sites\/231\/2022\/01\/DSC00473-2-scaled.jpg","contentUrl":"https:\/\/d66.nl\/gorinchem\/wp-content\/uploads\/sites\/231\/2022\/01\/DSC00473-2-scaled.jpg","width":2560,"height":1701,"caption":"SONY DSC"},{"@type":"BreadcrumbList","@id":"https:\/\/d66.nl\/gorinchem\/fractie\/#breadcrumb","itemListElement":[{"@type":"ListItem","position":1,"name":"Home","item":"https:\/\/d66.nl\/gorinchem\/"},{"@type":"ListItem","position":2,"name":"Fractie D66 Gorinchem"}]},{"@type":"WebSite","@id":"https:\/\/d66.nl\/gorinchem\/#website","url":"https:\/\/d66.nl\/gorinchem\/","name":"D66 Gorinchem","description":"Just another D66 Sites site","publisher":{"@id":"https:\/\/d66.nl\/gorinchem\/#organization"},"potentialAction":[{"@type":"SearchAction","target":{"@type":"EntryPoint","urlTemplate":"https:\/\/d66.nl\/gorinchem\/?s={search_term_string}"},"query-input":{"@type":"PropertyValueSpecification","valueRequired":true,"valueName":"search_term_string"}}],"inLanguage":"nl-NL"},{"@type":"Organization","@id":"https:\/\/d66.nl\/gorinchem\/#organization","name":"D66","url":"https:\/\/d66.nl\/gorinchem\/","logo":{"@type":"ImageObject","inLanguage":"nl-NL","@id":"https:\/\/d66.nl\/gorinchem\/#\/schema\/logo\/image\/","url":"https:\/\/d66.nl\/gorinchem\/wp-content\/uploads\/sites\/2\/2021\/10\/d66-themas-algemeen-og.png","contentUrl":"https:\/\/d66.nl\/gorinchem\/wp-content\/uploads\/sites\/2\/2021\/10\/d66-themas-algemeen-og.png","width":1200,"height":628,"caption":"D66"},"image":{"@id":"https:\/\/d66.nl\/gorinchem\/#\/schema\/logo\/image\/"}}]}},"_links":{"self":[{"href":"https:\/\/d66.nl\/gorinchem\/wp-json\/wp\/v2\/pages\/962","targetHints":{"allow":["GET"]}}],"collection":[{"href":"https:\/\/d66.nl\/gorinchem\/wp-json\/wp\/v2\/pages"}],"about":[{"href":"https:\/\/d66.nl\/gorinchem\/wp-json\/wp\/v2\/types\/page"}],"author":[{"embeddable":true,"href":"https:\/\/d66.nl\/gorinchem\/wp-json\/wp\/v2\/users\/30"}],"replies":[{"embeddable":true,"href":"https:\/\/d66.nl\/gorinchem\/wp-json\/wp\/v2\/comments?post=962"}],"version-history":[{"count":10,"href":"https:\/\/d66.nl\/gorinchem\/wp-json\/wp\/v2\/pages\/962\/revisions"}],"predecessor-version":[{"id":2356,"href":"https:\/\/d66.nl\/gorinchem\/wp-json\/wp\/v2\/pages\/962\/revisions\/2356"}],"wp:featuredmedia":[{"embeddable":true,"href":"https:\/\/d66.nl\/gorinchem\/wp-json\/wp\/v2\/media\/627"}],"wp:attachment":[{"href":"https:\/\/d66.nl\/gorinchem\/wp-json\/wp\/v2\/media?parent=962"}],"wp:term":[{"taxonomy":"themes-or-point-of-view","embeddable":true,"href":"https:\/\/d66.nl\/gorinchem\/wp-json\/wp\/v2\/themes-or-point-of-view?post=962"},{"taxonomy":"labels","embeddable":true,"href":"https:\/\/d66.nl\/gorinchem\/wp-json\/wp\/v2\/labels?post=962"},{"taxonomy":"search-tags","embeddable":true,"href":"https:\/\/d66.nl\/gorinchem\/wp-json\/wp\/v2\/search-tags?post=962"}],"curies":[{"name":"wp","href":"https:\/\/api.w.org\/{rel}","templated":true}]}}