{"id":691,"date":"2015-04-23T22:59:47","date_gmt":"2015-04-23T22:59:47","guid":{"rendered":"https:\/\/d66.nl\/barendrecht\/archive\/afscheid-irma-rasidovic-velagic\/"},"modified":"2015-04-23T22:59:47","modified_gmt":"2015-04-23T22:59:47","slug":"afscheid-irma-rasidovic-velagic","status":"publish","type":"archive","link":"https:\/\/d66.nl\/barendrecht\/archive\/afscheid-irma-rasidovic-velagic\/","title":{"rendered":"Afscheid Irma Ra\u0161idovi\u0107 \u2013 Velagi\u0107"},"content":{"rendered":"In de raadsvergadering van 21 april heeft fractievoorzitter Irma Ra\u0161idovi\u0107\u2013Velagi\u0107 afscheid genomen van de gemeenteraad in Barendrecht. Na vijf zeer actieve jaren in de raad heeft zij besloten meer tijd in haar nieuwe baan en in haar gezin te steken. Dit gaat helaas niet langer meer samen met het drukke raadswerk. Tijdens haar afscheid werd Irma lovend toegesproken door wethouder Monhemius (D66), raadslid Reshma Roopram (PvdA), de nestor van de raad Klaas Oorsel (EVB) en burgemeester van Belzen. Allen zullen haar zeer missen in de raad. \nBert Arnold werd tijdens dezelfde raadsvergadering ge\u00efnstalleerd als nieuw raadslid en zal tevens het stokje van Irma overnemen als nieuwe fractievoorzitter van D66 Barendrecht.  ","protected":false},"author":1081,"featured_media":0,"menu_order":0,"template":"","class_list":["post-691","archive","type-archive","status-publish","hentry"],"acf":[],"yoast_head":"<!-- This site is optimized with the Yoast SEO plugin v27.3 - https:\/\/yoast.com\/product\/yoast-seo-wordpress\/ -->\n<title>Afscheid Irma Ra\u0161idovi\u0107 \u2013 Velagi\u0107 &#8212; D66 Barendrecht<\/title>\n<meta name=\"robots\" content=\"index, follow, max-snippet:-1, max-image-preview:large, max-video-preview:-1\" \/>\n<link rel=\"canonical\" href=\"https:\/\/d66.nl\/barendrecht\/archive\/afscheid-irma-rasidovic-velagic\/\" \/>\n<meta property=\"og:locale\" content=\"nl_NL\" \/>\n<meta property=\"og:type\" content=\"article\" \/>\n<meta property=\"og:title\" content=\"Afscheid Irma Ra\u0161idovi\u0107 \u2013 Velagi\u0107 &#8212; D66 Barendrecht\" \/>\n<meta property=\"og:description\" content=\"In de raadsvergadering van 21 april heeft fractievoorzitter Irma Ra\u0161idovi\u0107\u2013Velagi\u0107 afscheid genomen van de gemeenteraad in Barendrecht. Na vijf zeer actieve jaren in de raad heeft zij besloten meer tijd in haar nieuwe baan en in haar gezin te steken. Dit gaat helaas niet langer meer samen met het drukke raadswerk. Tijdens haar afscheid werd [&hellip;]\" \/>\n<meta property=\"og:url\" content=\"https:\/\/d66.nl\/barendrecht\/archive\/afscheid-irma-rasidovic-velagic\/\" \/>\n<meta property=\"og:site_name\" content=\"D66 Barendrecht\" \/>\n<meta name=\"twitter:card\" content=\"summary_large_image\" \/>\n<meta name=\"twitter:label1\" content=\"Geschatte leestijd\" \/>\n\t<meta name=\"twitter:data1\" content=\"1 minuut\" \/>\n<script type=\"application\/ld+json\" class=\"yoast-schema-graph\">{\"@context\":\"https:\\\/\\\/schema.org\",\"@graph\":[{\"@type\":\"WebPage\",\"@id\":\"https:\\\/\\\/d66.nl\\\/barendrecht\\\/archive\\\/afscheid-irma-rasidovic-velagic\\\/\",\"url\":\"https:\\\/\\\/d66.nl\\\/barendrecht\\\/archive\\\/afscheid-irma-rasidovic-velagic\\\/\",\"name\":\"Afscheid Irma Ra\u0161idovi\u0107 \u2013 Velagi\u0107 &#8212; D66 Barendrecht\",\"isPartOf\":{\"@id\":\"https:\\\/\\\/d66.nl\\\/barendrecht\\\/#website\"},\"datePublished\":\"2015-04-23T22:59:47+00:00\",\"breadcrumb\":{\"@id\":\"https:\\\/\\\/d66.nl\\\/barendrecht\\\/archive\\\/afscheid-irma-rasidovic-velagic\\\/#breadcrumb\"},\"inLanguage\":\"nl-NL\",\"potentialAction\":[{\"@type\":\"ReadAction\",\"target\":[\"https:\\\/\\\/d66.nl\\\/barendrecht\\\/archive\\\/afscheid-irma-rasidovic-velagic\\\/\"]}]},{\"@type\":\"BreadcrumbList\",\"@id\":\"https:\\\/\\\/d66.nl\\\/barendrecht\\\/archive\\\/afscheid-irma-rasidovic-velagic\\\/#breadcrumb\",\"itemListElement\":[{\"@type\":\"ListItem\",\"position\":1,\"name\":\"Home\",\"item\":\"https:\\\/\\\/d66.nl\\\/barendrecht\\\/\"},{\"@type\":\"ListItem\",\"position\":2,\"name\":\"Archives\",\"item\":\"https:\\\/\\\/d66.nl\\\/barendrecht\\\/archive\\\/\"},{\"@type\":\"ListItem\",\"position\":3,\"name\":\"Afscheid Irma Ra\u0161idovi\u0107 \u2013 Velagi\u0107\"}]},{\"@type\":\"WebSite\",\"@id\":\"https:\\\/\\\/d66.nl\\\/barendrecht\\\/#website\",\"url\":\"https:\\\/\\\/d66.nl\\\/barendrecht\\\/\",\"name\":\"D66 Barendrecht\",\"description\":\"Just another D66 Sites site\",\"publisher\":{\"@id\":\"https:\\\/\\\/d66.nl\\\/barendrecht\\\/#organization\"},\"potentialAction\":[{\"@type\":\"SearchAction\",\"target\":{\"@type\":\"EntryPoint\",\"urlTemplate\":\"https:\\\/\\\/d66.nl\\\/barendrecht\\\/?s={search_term_string}\"},\"query-input\":{\"@type\":\"PropertyValueSpecification\",\"valueRequired\":true,\"valueName\":\"search_term_string\"}}],\"inLanguage\":\"nl-NL\"},{\"@type\":\"Organization\",\"@id\":\"https:\\\/\\\/d66.nl\\\/barendrecht\\\/#organization\",\"name\":\"D66\",\"url\":\"https:\\\/\\\/d66.nl\\\/barendrecht\\\/\",\"logo\":{\"@type\":\"ImageObject\",\"inLanguage\":\"nl-NL\",\"@id\":\"https:\\\/\\\/d66.nl\\\/barendrecht\\\/#\\\/schema\\\/logo\\\/image\\\/\",\"url\":\"https:\\\/\\\/d66.nl\\\/barendrecht\\\/wp-content\\\/uploads\\\/sites\\\/2\\\/2021\\\/10\\\/d66-themas-algemeen-og.png\",\"contentUrl\":\"https:\\\/\\\/d66.nl\\\/barendrecht\\\/wp-content\\\/uploads\\\/sites\\\/2\\\/2021\\\/10\\\/d66-themas-algemeen-og.png\",\"width\":1200,\"height\":628,\"caption\":\"D66\"},\"image\":{\"@id\":\"https:\\\/\\\/d66.nl\\\/barendrecht\\\/#\\\/schema\\\/logo\\\/image\\\/\"}}]}<\/script>\n<!-- \/ Yoast SEO plugin. -->","yoast_head_json":{"title":"Afscheid Irma Ra\u0161idovi\u0107 \u2013 Velagi\u0107 &#8212; D66 Barendrecht","robots":{"index":"index","follow":"follow","max-snippet":"max-snippet:-1","max-image-preview":"max-image-preview:large","max-video-preview":"max-video-preview:-1"},"canonical":"https:\/\/d66.nl\/barendrecht\/archive\/afscheid-irma-rasidovic-velagic\/","og_locale":"nl_NL","og_type":"article","og_title":"Afscheid Irma Ra\u0161idovi\u0107 \u2013 Velagi\u0107 &#8212; D66 Barendrecht","og_description":"In de raadsvergadering van 21 april heeft fractievoorzitter Irma Ra\u0161idovi\u0107\u2013Velagi\u0107 afscheid genomen van de gemeenteraad in Barendrecht. Na vijf zeer actieve jaren in de raad heeft zij besloten meer tijd in haar nieuwe baan en in haar gezin te steken. Dit gaat helaas niet langer meer samen met het drukke raadswerk. Tijdens haar afscheid werd [&hellip;]","og_url":"https:\/\/d66.nl\/barendrecht\/archive\/afscheid-irma-rasidovic-velagic\/","og_site_name":"D66 Barendrecht","twitter_card":"summary_large_image","twitter_misc":{"Geschatte leestijd":"1 minuut"},"schema":{"@context":"https:\/\/schema.org","@graph":[{"@type":"WebPage","@id":"https:\/\/d66.nl\/barendrecht\/archive\/afscheid-irma-rasidovic-velagic\/","url":"https:\/\/d66.nl\/barendrecht\/archive\/afscheid-irma-rasidovic-velagic\/","name":"Afscheid Irma Ra\u0161idovi\u0107 \u2013 Velagi\u0107 &#8212; D66 Barendrecht","isPartOf":{"@id":"https:\/\/d66.nl\/barendrecht\/#website"},"datePublished":"2015-04-23T22:59:47+00:00","breadcrumb":{"@id":"https:\/\/d66.nl\/barendrecht\/archive\/afscheid-irma-rasidovic-velagic\/#breadcrumb"},"inLanguage":"nl-NL","potentialAction":[{"@type":"ReadAction","target":["https:\/\/d66.nl\/barendrecht\/archive\/afscheid-irma-rasidovic-velagic\/"]}]},{"@type":"BreadcrumbList","@id":"https:\/\/d66.nl\/barendrecht\/archive\/afscheid-irma-rasidovic-velagic\/#breadcrumb","itemListElement":[{"@type":"ListItem","position":1,"name":"Home","item":"https:\/\/d66.nl\/barendrecht\/"},{"@type":"ListItem","position":2,"name":"Archives","item":"https:\/\/d66.nl\/barendrecht\/archive\/"},{"@type":"ListItem","position":3,"name":"Afscheid Irma Ra\u0161idovi\u0107 \u2013 Velagi\u0107"}]},{"@type":"WebSite","@id":"https:\/\/d66.nl\/barendrecht\/#website","url":"https:\/\/d66.nl\/barendrecht\/","name":"D66 Barendrecht","description":"Just another D66 Sites site","publisher":{"@id":"https:\/\/d66.nl\/barendrecht\/#organization"},"potentialAction":[{"@type":"SearchAction","target":{"@type":"EntryPoint","urlTemplate":"https:\/\/d66.nl\/barendrecht\/?s={search_term_string}"},"query-input":{"@type":"PropertyValueSpecification","valueRequired":true,"valueName":"search_term_string"}}],"inLanguage":"nl-NL"},{"@type":"Organization","@id":"https:\/\/d66.nl\/barendrecht\/#organization","name":"D66","url":"https:\/\/d66.nl\/barendrecht\/","logo":{"@type":"ImageObject","inLanguage":"nl-NL","@id":"https:\/\/d66.nl\/barendrecht\/#\/schema\/logo\/image\/","url":"https:\/\/d66.nl\/barendrecht\/wp-content\/uploads\/sites\/2\/2021\/10\/d66-themas-algemeen-og.png","contentUrl":"https:\/\/d66.nl\/barendrecht\/wp-content\/uploads\/sites\/2\/2021\/10\/d66-themas-algemeen-og.png","width":1200,"height":628,"caption":"D66"},"image":{"@id":"https:\/\/d66.nl\/barendrecht\/#\/schema\/logo\/image\/"}}]}},"_links":{"self":[{"href":"https:\/\/d66.nl\/barendrecht\/wp-json\/wp\/v2\/archive\/691","targetHints":{"allow":["GET"]}}],"collection":[{"href":"https:\/\/d66.nl\/barendrecht\/wp-json\/wp\/v2\/archive"}],"about":[{"href":"https:\/\/d66.nl\/barendrecht\/wp-json\/wp\/v2\/types\/archive"}],"author":[{"embeddable":true,"href":"https:\/\/d66.nl\/barendrecht\/wp-json\/wp\/v2\/users\/1081"}],"wp:attachment":[{"href":"https:\/\/d66.nl\/barendrecht\/wp-json\/wp\/v2\/media?parent=691"}],"curies":[{"name":"wp","href":"https:\/\/api.w.org\/{rel}","templated":true}]}}

Afscheid Irma Rašidović – Velagić

In de raadsvergadering van 21 april heeft fractievoorzitter Irma Rašidović–Velagić afscheid genomen van de gemeenteraad in Barendrecht. Na vijf zeer actieve jaren in de raad heeft zij besloten meer tijd in haar nieuwe baan en in haar gezin te steken. Dit gaat helaas niet langer meer samen met het drukke raadswerk. Tijdens haar afscheid werd Irma lovend toegesproken door wethouder Monhemius (D66), raadslid Reshma Roopram (PvdA), de nestor van de raad Klaas Oorsel (EVB) en burgemeester van Belzen. Allen zullen haar zeer missen in de raad. 
Bert Arnold werd tijdens dezelfde raadsvergadering geïnstalleerd als nieuw raadslid en zal tevens het stokje van Irma overnemen als nieuwe fractievoorzitter van D66 Barendrecht.

<!-- This site is optimized with the Yoast SEO plugin v27.3 - https://yoast.com/product/yoast-seo-wordpress/ -->
<title>Afscheid Irma Rašidović – Velagić &#8212; D66 Barendrecht</title>
<meta name="robots" content="index, follow, max-snippet:-1, max-image-preview:large, max-video-preview:-1" />
<link rel="canonical" href="https://d66.nl/barendrecht/archive/afscheid-irma-rasidovic-velagic/" />
<meta property="og:locale" content="nl_NL" />
<meta property="og:type" content="article" />
<meta property="og:title" content="Afscheid Irma Rašidović – Velagić &#8212; D66 Barendrecht" />
<meta property="og:description" content="In de raadsvergadering van 21 april heeft fractievoorzitter Irma Rašidović–Velagić afscheid genomen van de gemeenteraad in Barendrecht. Na vijf zeer actieve jaren in de raad heeft zij besloten meer tijd in haar nieuwe baan en in haar gezin te steken. Dit gaat helaas niet langer meer samen met het drukke raadswerk. Tijdens haar afscheid werd [&hellip;]" />
<meta property="og:url" content="https://d66.nl/barendrecht/archive/afscheid-irma-rasidovic-velagic/" />
<meta property="og:site_name" content="D66 Barendrecht" />
<meta name="twitter:card" content="summary_large_image" />
<meta name="twitter:label1" content="Geschatte leestijd" />
	<meta name="twitter:data1" content="1 minuut" />
<script type="application/ld+json" class="yoast-schema-graph">{"@context":"https:\/\/schema.org","@graph":[{"@type":"WebPage","@id":"https:\/\/d66.nl\/barendrecht\/archive\/afscheid-irma-rasidovic-velagic\/","url":"https:\/\/d66.nl\/barendrecht\/archive\/afscheid-irma-rasidovic-velagic\/","name":"Afscheid Irma Rašidović – Velagić &#8212; D66 Barendrecht","isPartOf":{"@id":"https:\/\/d66.nl\/barendrecht\/#website"},"datePublished":"2015-04-23T22:59:47+00:00","breadcrumb":{"@id":"https:\/\/d66.nl\/barendrecht\/archive\/afscheid-irma-rasidovic-velagic\/#breadcrumb"},"inLanguage":"nl-NL","potentialAction":[{"@type":"ReadAction","target":["https:\/\/d66.nl\/barendrecht\/archive\/afscheid-irma-rasidovic-velagic\/"]}]},{"@type":"BreadcrumbList","@id":"https:\/\/d66.nl\/barendrecht\/archive\/afscheid-irma-rasidovic-velagic\/#breadcrumb","itemListElement":[{"@type":"ListItem","position":1,"name":"Home","item":"https:\/\/d66.nl\/barendrecht\/"},{"@type":"ListItem","position":2,"name":"Archives","item":"https:\/\/d66.nl\/barendrecht\/archive\/"},{"@type":"ListItem","position":3,"name":"Afscheid Irma Rašidović – Velagić"}]},{"@type":"WebSite","@id":"https:\/\/d66.nl\/barendrecht\/#website","url":"https:\/\/d66.nl\/barendrecht\/","name":"D66 Barendrecht","description":"Just another D66 Sites site","publisher":{"@id":"https:\/\/d66.nl\/barendrecht\/#organization"},"potentialAction":[{"@type":"SearchAction","target":{"@type":"EntryPoint","urlTemplate":"https:\/\/d66.nl\/barendrecht\/?s={search_term_string}"},"query-input":{"@type":"PropertyValueSpecification","valueRequired":true,"valueName":"search_term_string"}}],"inLanguage":"nl-NL"},{"@type":"Organization","@id":"https:\/\/d66.nl\/barendrecht\/#organization","name":"D66","url":"https:\/\/d66.nl\/barendrecht\/","logo":{"@type":"ImageObject","inLanguage":"nl-NL","@id":"https:\/\/d66.nl\/barendrecht\/#\/schema\/logo\/image\/","url":"https:\/\/d66.nl\/barendrecht\/wp-content\/uploads\/sites\/2\/2021\/10\/d66-themas-algemeen-og.png","contentUrl":"https:\/\/d66.nl\/barendrecht\/wp-content\/uploads\/sites\/2\/2021\/10\/d66-themas-algemeen-og.png","width":1200,"height":628,"caption":"D66"},"image":{"@id":"https:\/\/d66.nl\/barendrecht\/#\/schema\/logo\/image\/"}}]}</script>
<!-- / Yoast SEO plugin. -->

Afscheid Irma Rašidović – Velagić &#8212; D66 Barendrecht

In de raadsvergadering van 21 april heeft fractievoorzitter Irma Rašidović–Velagić afscheid genomen van de gemeenteraad in Barendrecht. Na vijf zeer actieve jaren in de raad heeft zij besloten meer tijd in haar nieuwe baan en in haar gezin te steken. Dit gaat helaas niet langer meer samen met het drukke raadswerk. Tijdens haar afscheid werd [&hellip;]
